{"id":66,"date":"2013-09-27T13:30:56","date_gmt":"2013-09-27T11:30:56","guid":{"rendered":"http:\/\/www.sauerlaender-verlag.com\/wordpress\/?page_id=66"},"modified":"2025-04-28T20:42:23","modified_gmt":"2025-04-28T18:42:23","slug":"herausgeber","status":"publish","type":"page","link":"https:\/\/www.sauerlaender-verlag.com\/en\/allgemeine-forst-und-jagdzeitung\/herausgeber\/","title":{"rendered":"Editor Allgemeine Forst- und Jagdzeitung"},"content":{"rendered":"<p>Prof. Dr. Marc Hanewinkel, Professur f\u00fcr Forst\u00f6konomie und Forstplanung der Universit\u00e4t Freiburg<br \/>\nTennenbacher Strasse 4<br \/>\nD-79106 Freiburg<br \/>\n<strong>Redaktionsb\u00fcro<\/strong>: Stephanie Aulbach-Stankovic<br \/>\nJ. D. Sauerl\u00e4nder&#8217;s Verlag<br \/>\nBerliner Strasse 46, 63619 Bad Orb<br \/>\nTel. 0049-6052-3094 667<br \/>\nFax 0049-6052-3094 668<br \/>\nE-Mail: redaktion.afjz@sauerlaender-verlag.com<\/p>\n","protected":false},"excerpt":{"rendered":"<p>Prof. Dr. Marc Hanewinkel, Professur f\u00fcr Forst\u00f6konomie und Forstplanung der Universit\u00e4t Freiburg Tennenbacher Strasse 4 D-79106 Freiburg Redaktionsb\u00fcro: Stephanie Aulbach-Stankovic J. D. Sauerl\u00e4nder&#8217;s Verlag Berliner Strasse 46, 63619 Bad Orb Tel. 0049-6052-3094 667 Fax 0049-6052-3094 668 E-Mail: redaktion.afjz@sauerlaender-verlag.com<\/p>\n","protected":false},"author":1,"featured_media":0,"parent":32,"menu_order":7,"comment_status":"closed","ping_status":"closed","template":"","meta":{"footnotes":""},"class_list":["post-66","page","type-page","status-publish","hentry"],"translation":{"provider":"WPGlobus","version":"3.0.0","language":"en","enabled_languages":["de","en"],"languages":{"de":{"title":true,"content":true,"excerpt":false},"en":{"title":true,"content":true,"excerpt":false}}},"_links":{"self":[{"href":"https:\/\/www.sauerlaender-verlag.com\/en\/wp-json\/wp\/v2\/pages\/66","targetHints":{"allow":["GET"]}}],"collection":[{"href":"https:\/\/www.sauerlaender-verlag.com\/en\/wp-json\/wp\/v2\/pages"}],"about":[{"href":"https:\/\/www.sauerlaender-verlag.com\/en\/wp-json\/wp\/v2\/types\/page"}],"author":[{"embeddable":true,"href":"https:\/\/www.sauerlaender-verlag.com\/en\/wp-json\/wp\/v2\/users\/1"}],"replies":[{"embeddable":true,"href":"https:\/\/www.sauerlaender-verlag.com\/en\/wp-json\/wp\/v2\/comments?post=66"}],"version-history":[{"count":11,"href":"https:\/\/www.sauerlaender-verlag.com\/en\/wp-json\/wp\/v2\/pages\/66\/revisions"}],"predecessor-version":[{"id":3575,"href":"https:\/\/www.sauerlaender-verlag.com\/en\/wp-json\/wp\/v2\/pages\/66\/revisions\/3575"}],"up":[{"embeddable":true,"href":"https:\/\/www.sauerlaender-verlag.com\/en\/wp-json\/wp\/v2\/pages\/32"}],"wp:attachment":[{"href":"https:\/\/www.sauerlaender-verlag.com\/en\/wp-json\/wp\/v2\/media?parent=66"}],"curies":[{"name":"wp","href":"https:\/\/api.w.org\/{rel}","templated":true}]}}

<p>Prof. Dr. Marc Hanewinkel, Professur für Forstökonomie und Forstplanung der Universität Freiburg<br />
Tennenbacher Strasse 4<br />
D-79106 Freiburg<br />
<strong>Redaktionsbüro</strong>: Stephanie Aulbach-Stankovic<br />
J. D. Sauerländer&#8217;s Verlag<br />
Berliner Strasse 46, 63619 Bad Orb<br />
Tel. 0049-6052-3094 667<br />
Fax 0049-6052-3094 668<br />
E-Mail: redaktion.afjz@sauerlaender-verlag.com</p>

<p>Prof. Dr. Marc Hanewinkel, Professur für Forstökonomie und Forstplanung der Universität Freiburg Tennenbacher Strasse 4 D-79106 Freiburg Redaktionsbüro: Stephanie Aulbach-Stankovic J. D. Sauerländer&#8217;s Verlag Berliner Strasse 46, 63619 Bad Orb Tel. 0049-6052-3094 667 Fax 0049-6052-3094 668 E-Mail: redaktion.afjz@sauerlaender-verlag.com</p>
